)?
5
Evaluate 9 - ((5 - (7 - 3)) + 1).
7
0 + 0 + 6 + -1
5
What is 5 + 6 + (-7 - 4)?
0
Evaluate (0 - 0) + 13 + -17.
-4
What is the value of 2 - (-1 - -4) - (2 - 4)?
1
What is (7 - -6 - 7) + 0 + 0?
6
Calculate (6 + -3 - (10 - 6)) + -1.
-2
What is the value of (10 - (7 - -13)) + 11?
1
What is -1 + -2 + 1 - -4?
2
What is the value of 9 - (6 + 8) - -9?
4
What is 1 + (-2 - -4) + -4?
-1
What is -4 + -1 + -1 - -1?
-5
What is the value of 5 - (35 + -12 - 12)?
-6
Evaluate -1 - (3 + -4) - -2.
2
-5 + (1 - (-3 - -4))
-5
Evaluate (-3 - -2) + (-16 - -18).
1
Calculate -7 + (-8 + 5 - -5 - 2).
-7
Evaluate 1 - (-4 - 0) - 3.
2
Evaluate (12 + -6 - 15) + 3 + 3.
-3
Evaluate -1 - (1 + -6 + 3).
1
What is (3 - 1) + -5 - -8?
5
Evaluate 6 + -8 + (3 - (0 - -1)).
0
(5 - 0) + (-15 - -13)
3
What is the value of 0 + 2 + -1 - (1 + -3)?
3
Evaluate -1 + (-1 + 6 - (16 + -12)).
0
Evaluate 0 + -3 + -7 + 5.
-5
What is -11 + (9 - (-5 - (-13 - -2)))?
-8
What is (-8 - -4) + 0 + 7?
3
What is the value of 6 + -5 + (-3 - -1 - -6)?
5
What is 3 + 0 + 39 + -42?
0
What is the value of -3 + (4 + -4 - -6) + 1?
4
What is the value of -1 - (0 + (3 - 4))?
0
Evaluate 23 + (-43 - -23) + (-2 - 0).
1
Calculate 0 - -1 - (-2 + (5 - 7)).
5
Calculate (-9 - -1) + (-16 - -15).
-9
Evaluate -6 + 1 + 2 + 7 - 2.
2
(-1 - -4) + -6 - -1
-2
Evaluate -2 + 8 + 1 + -5.
2
What is 0 - (-8 + -4 + 7)?
5
What is the value of (-6 - (0 + -3)) + 5?
2
5 + (5 - (-8 - -11))
7
What is -41 - -43 - (2 + 1)?
-1
Evaluate 31 + -30 + -2 + 1 + -2.
-2
(5 - 3) + (6 - 3) + -6
-1
Evaluate -5 + (3 - -1 - (1 + 1)).
-3
Calculate -8 + 15 - (13 + 0).
-6
What is the value of -11 + 34 + -15 - (3 - 1)?
6
-1 - ((-4 - 0 - -7) + -12)
8
What is the value of -3 + (3 - -1) + -5?
-4
What is the value of (-1 - 2) + (15 - (1 + 17))?
-6
What is the value of 7 + -7 + (15 - 7 - 1)?
7
Evaluate 2 + -5 + 5 - (-5 + 2).
5
What is 4 - (3 - -2 - (-2 + 2))?
-1
Calculate (2 - 2) + -12 + (6 - -6).
0
Evaluate 1 - (-5 + 1 + (-6 - -12)).
-1
What is the value of 4 - (-4 - -2 - -5)?
1
What is the value of (-1 - -5) + (2 - -1) - 4?
3
-5 - 0 - (-12 - -5 - -7)
-5
Evaluate 8 + (4 - 9 - 9).
-6
1 + (-1 + 0 - 1 - 1)
-2
What is -1 + (6 - (-1 + 1) - 2)?
3
Calculate 11 - 13 - 16 - -9.
-9
What is the value of -8 - (-2 - 7 - (-17 + 24))?
8
What is (6 - 1) + (-13 - -14)?
6
Evaluate 3 + (8 + 1 - 4).
8
12 + -9 - (3 - 1) - 1
0
What is the value of -3 - (-3 - (-4 - -5))?
1
Calculate (6 - (-4 - -2)) + -3.
5
Calculate 2 + (-1 - 6) + 0 + 2.
-3
Calculate 5 - (2 - -1) - (4 - -3).
-5
What is 12 + -5 - (6 - (6 - 5))?
2
Evaluate -30 - -24 - (-10 + 2).
2
What is the value of 4 - ((-5 - 1) + 12)?
-2
Evaluate 2 - (-6 + 4 - 6 - 0).
10
What is 5 + -2 + 0 + 1 + -3?
1
Calculate 5 - (9 + -5 + 0).
1
Evaluate 63 + -69 + (2 - 1) + 1.
-4
What is the value of -6 + 8 + 6 + 1 - 0?
9
Evaluate -6 + 0 + 2 + (-3 - -2).
-5
-2 + 5 - (9 + -1)
-5
What is the value of -6 - (1 + -4 - 1)?
-2
Evaluate 9 - (-1 - 3 - -13).
0
Calculate 6 + -3 + 1 + 0 + -2.
2
Evaluate (-1 - -3) + 13 + -12 + 1.
4
Evaluate 0 - (-9 + (-2 - 1) + 4).
8
What is the value of -3 + (-8 + 5 - -8)?
2
What is the value of 3 - (2 + (0 + -3 - 1))?
5
What is the value of (13 - 3 - -1) + -10?
1
Evaluate -2 + (0 - 2) - (2 - 12).
6
Calculate (9 - (5 - 0)) + (-19 - -13).
-2
Evaluate 10 + -1 + (0 - 6) + -5.
-2
What is -19 - -19 - (4 + 1)?
-5
What is the value of 0 + (-6 - (-4 - 0)) + -2?
-4
What is 2 - ((13 + -2 - 4) + -4)?
-1
Calculate 3 - 8 - (-2 - -6).
-9
What is 1 + -2 + -12 + 12?
-1
Evaluate 1 + 12 + 0 + -13.
0
What is -6 - ((-3 - 1) + -2)?
0
Evaluate 2 - 3 - ((-4 - -5) + -5).
3
What is the value of -4 + -2 + (15 - 7)?
2
What is the value of 5 + (-5 - (5 - 10))?
5
What is the value of 3 + (2 - (5 - 0))?
0
Evaluate -2 + (3 - (3 - (7 - 2))).
3
What is the value of -11 + 13 + -9 + 5 + -8?
-10
10 + -13 + 3 + 2 + -1
1
-2 - ((-12 - -5 - 2) + 5)
2
What is the value of 6 + (-1 - -4 - 18) - -3?
-6
6 + -4 + -1 - (4 + -2)
-1
-3 + 3 + (4 - 8)
-4
Evaluate (5 - 1) + -5 + -8 + 5.
-4
Evaluate 5 - (-4 - (8 + -9) - -3).
5
What is the value of 5 - (8 + 0 + -4 - 1)?
2
Evaluate 3 - 3 - (15 - 2 - 7).
-6
Calculate (-12 - -19) + (-4 - 2).
1
What is -6 + 11 + (-1 - 9)?
-5
8 + -8 + (3 - 0)
3
What is 7 + 0 - (3 - 0)?
4
Evaluate -2 + -1 + 22 + -18.
1
Calculate (11 + -12 - -11) + (1 - 3).
8
(3 - -1) + (-2 + -2 - -3)
3
What is the value of 9 - (7 - 6 - -4)?
4
What is -2 + -2 + 3 - -1 - 3?
-3
Evaluate (0 - 8) + (2 - -4).
-2
-64 + 61 - (2 - (0 - -2))
-3
Calculate 2 + 0 + -3 + (-5 - -1).
-5
What is the value of 2 + (-3 - 1) + (9 - 4)?
3
What is 0 - ((1 - -6) + (-14 - -10))?
-3
Evaluate -6 - -4 - (3 + -3).
-2
Evaluate 4 + -2 + 0 - 1.
1
What is the value of 1 + (-4 - 3) + (4 - 2)?
-4
What is -3 + 3 + 6 + -5 + 0?
1
What is the value of -8 + (5 - 2) + (-7 - -12)?
0
What is the value of -4 - -1 - (-8 + 2)?
3
Calculate 1 + 7 - (51 + -43).
0
-2 + 1 + -3 + 6
2
Calculate 7 + (-1 - 10) + 6.
2
Evaluate 8 - 1 - (15 + -5).
-3
Evaluate 0 - (-3 - -6) - (21 - 22).
-2
Calculate -3 - 1 - (94 + -99).
1
Calculate 0 + (-4 - -11) - 7.
0
Evaluate -3 + (-3 - -1) + 2 - -5.
2
Calculate 1 + -3 + 1 + (18 - 19).
-2
What is (-4 - 1) + (-7 - -9)?
-3
Evaluate (1 - 4) + 7 + -4 + 3.
3
Calculate 3 - (-3 + 13 + -6 + 1).
-2
Calculate (-9 - -6) + -1 + 5.
1
-38 + 33 + (1 - (0 - 1))
-3
What is (17 + -4 - 0) + (-9 - -1)?
5
What is 2 - (0 + 5) - 3?
-6
Evaluate (9 + -4 - (6 + -6)) + -10.
-5
Calculate -21 + 0 + 9 + 2.
-10
Evaluate (-3 - -2) + 0 + (-1 - 3).
-5
-6 + (15 - 7) + -4
-2
4 - (-1 + 0 + 4)
1
What is the value of 4 + -4 + -2 + 6?
4
What is the value of (-4 - (-3 + 1 - -7)) + 2?
-7
-7 - -1 - (56 - 63)
1
Evaluate (-9 - -4 - 0) + -1.
-6
Calculate (-7 - (-3 - 1) - -8) + -2.
3
What is 0 + 5 + -8 + 2?
-1
Evaluate -10 + (6 - 12 - -13).
-3
What is 0 - (-10 + -6 + 8)?
8
What is -3 - (-8 + 7 - 0)?
-2
Calculate (-1 - -2) + 4 + -6 + -1.
-2
What is the value of (5 - -1) + 1 + -2?
5
Calculate -4 - (-2 + -3 - -2).
-1
What is the value of (24 - 22) + -1 + 3?
4
Evaluate 4 + (-5 - (-1 - 1)).
1
What is 3 + (2 - -4) - 4?
5
What is the value of -4 - (-1 - (7 + -7))?
-3
What is the value of -5 - (-1 + -5) - (4 + -2)?
-1
What is the value of (3 + 3 - 7) + 7?
6
Calculate (-1 - 4) + (26 - 29).
-8
1 + 1 - (2 - -4)
-4
-3 + (0 - 1) + (-2 - -4)
-2
Evaluate (-2 - (-1 + -3)) + 2.
4
8 + -1 + -4 + -10
-7
What is the value of (2 - (-2 - -15)) + (-45 - -50)?
-6
Calculate 10 + -8 + (0 - 1).
1
Evaluate -1 + -5 - (5 - (18 + -11)).
-4
1 + (3 - -2) + -12
-6
7 - (8 + -11 + 3)
7
Calculate (3 - (1 - 0)) + (-10 - -7).
-1
Evaluate (-1 - (4 - 7)) + 0 + 2.
4
Evaluate 3 + -2 + (0 - (-4 - -6)).
-1
What is the value of -7 + 11 + -5 - -6?
5
What is (0 - 3) + 6 + 4?
7
What is the value of 185 + -194 + (4 - (2 - 1))?
-6
Evaluate -5 - (-3 - -3 - 9).
4
What is 4 - (0 + (-1 - -6)) - -3?
2
What is the value of 0 + (11 - 15 - (-9 + 0))?
5
What is -2 - ((-3 - -1) + (2 - 0))?
-2
What is 13 + -14 + (0 - 3 - 1)?
-5
Evaluate (0 - -1) + (24 - (-2 + 24)).
3
What is the value of 3 - (1 + (5 - 4)) - -4?
5
What is 0 - (2 - -7 - 4)?
-5
What is -3 + 2 + (2 - 0) - -2?
3
Calculate (-12 - -1) + 97 + -91.
-5
Evaluate 4 + 3 - (2 + -1 + 2).
4
5 + -1 + -48 + 42 - -6
4
Evaluate -2 + -7 + (-4 - -16).
3
Evaluate -1 + (-4 - -16) + -4 + -16.
-9
Evaluate 5 - (3 + 0) - (12 + -5).
-5
Evaluate -5 + 1 + (4 - -1) + -1.
0
What is the value of 4 - 2 - (-1 - -3) - 5?
-5
What is the value of (-11 - (-6 + -6)) + -1?
0
Evaluate 15 + -18 + (4 - -6).
7
-3 + 1 + 1 - (-22 - -20)
1
What is (-14 - -7 - (-7 + 2)) + 1?
-1
What is the value of (2 - 3) + 4 + -3 + -5?
-5
What is -2 + -2 + 9 + -2 - 4?
-1
What is -2 - -5 - (13 + -8)?
-2
Evaluate 7 - (-11 + 22 - 11).
7
Evaluate 1 - -2 - (70 + -65).
-2
What is the value of ((-5 - -19) + -6 - 2) + 1?
7
(-6 - -5) + -1 + 1
-1
2 + -3 + (-2 - -1) - 0
-2
-42 - -45 - (-2 - (4 - 11))
-2
Calculate -4 + (4 - 10 - -7).
-3
What is the value of (1 - -2) + 1 - 2?
2
-3 - -4 - 2 - 4
-5
What is -3 - (-1 + 4 + -2 - 1)?
-3
0 - (-5 - (0 + -9))
-4
-2 + (-1 - -5) + -2 - 2
-2
What is the value of -2 - -7 - (5 + 2) - 2?
-4
What is 5 - 3 - -2 - 8 - 0?
-4
What is 0 + 0 - (17 + -12)?
-5
What is (0 - -8) + (-3 - -1 - 4)?
2
What is 223 + -228 - (-2 + 1 - 11)?
7
What is the value of (6 - 10) + 6 - 1?
1
Evaluate (27 + -38 - (0 + 0)) + 2.
-9
Evaluate -4 + 0 + (4 - (9 - 6)).
-3
Calculate -2 + (-2 - -5) - 6.
-5
0 +